{"id":8338,"date":"2024-10-22T12:25:28","date_gmt":"2024-10-22T12:25:28","guid":{"rendered":"https:\/\/www.maiapizza.ro\/apacab\/?post_type=product&#038;p=8338"},"modified":"2024-12-11T22:58:39","modified_gmt":"2024-12-11T20:58:39","slug":"pinsa-romana-verde-primavera-de-post","status":"publish","type":"product","link":"https:\/\/www.maiapizza.ro\/apacab\/produs\/pinsa-romana-verde-primavera-de-post\/","title":{"rendered":"Pinsa Romana Verde Primavera (de post)"},"content":{"rendered":"","protected":false},"excerpt":{"rendered":"<p>(Gramaj: 600g)<\/p>\n<p>Pl\u0103cerea gustului Maia Pizza, la puterea veggie! Blatul cu maia natural\u0103, pufos la interior \u0219i crocant la exterior este \u00eencununat de un veggie mix (rosii, ardei,ciuperci, masline, spanac proaspat) delicios \u0219i s\u0103n\u0103tos, cu arome fresh de primavar\u0103. 100% de post. 100% gustos.<\/p>\n","protected":false},"featured_media":4094,"comment_status":"closed","ping_status":"closed","template":"","meta":[],"product_cat":[48],"product_tag":[],"_links":{"self":[{"href":"https:\/\/www.maiapizza.ro\/apacab\/wp-json\/wp\/v2\/product\/8338"}],"collection":[{"href":"https:\/\/www.maiapizza.ro\/apacab\/wp-json\/wp\/v2\/product"}],"about":[{"href":"https:\/\/www.maiapizza.ro\/apacab\/wp-json\/wp\/v2\/types\/product"}],"replies":[{"embeddable":true,"href":"https:\/\/www.maiapizza.ro\/apacab\/wp-json\/wp\/v2\/comments?post=8338"}],"wp:featuredmedia":[{"embeddable":true,"href":"https:\/\/www.maiapizza.ro\/apacab\/wp-json\/wp\/v2\/media\/4094"}],"wp:attachment":[{"href":"https:\/\/www.maiapizza.ro\/apacab\/wp-json\/wp\/v2\/media?parent=8338"}],"wp:term":[{"taxonomy":"product_cat","embeddable":true,"href":"https:\/\/www.maiapizza.ro\/apacab\/wp-json\/wp\/v2\/product_cat?post=8338"},{"taxonomy":"product_tag","embeddable":true,"href":"https:\/\/www.maiapizza.ro\/apacab\/wp-json\/wp\/v2\/product_tag?post=8338"}],"curies":[{"name":"wp","href":"https:\/\/api.w.org\/{rel}","templated":true}]}}