{"id":8340,"date":"2024-10-22T12:25:28","date_gmt":"2024-10-22T12:25:28","guid":{"rendered":"https:\/\/www.maiapizza.ro\/apacab\/?post_type=product&#038;p=8340"},"modified":"2024-12-11T22:59:11","modified_gmt":"2024-12-11T20:59:11","slug":"pinsa-romana-prosciutto-e-fungi","status":"publish","type":"product","link":"https:\/\/www.maiapizza.ro\/apacab\/produs\/pinsa-romana-prosciutto-e-fungi\/","title":{"rendered":"Pinsa Romana Prosciutto e fungi"},"content":{"rendered":"","protected":false},"excerpt":{"rendered":"<p>(Gramaj: 590g)<\/p>\n<p>Pizza consistent\u0103 cu un gust echilibrat, conferit de mixul savuros dintre sosul de ro\u0219ii, mozzarella cremoas\u0103, buca\u021bile fine de prosciutto cotto \u0219i \u00a0ciuperci, \u00eencununat de aroma discret\u0103 a busuiocului proasp\u0103t.<\/p>\n","protected":false},"featured_media":4099,"comment_status":"closed","ping_status":"closed","template":"","meta":[],"product_cat":[48],"product_tag":[],"_links":{"self":[{"href":"https:\/\/www.maiapizza.ro\/apacab\/wp-json\/wp\/v2\/product\/8340"}],"collection":[{"href":"https:\/\/www.maiapizza.ro\/apacab\/wp-json\/wp\/v2\/product"}],"about":[{"href":"https:\/\/www.maiapizza.ro\/apacab\/wp-json\/wp\/v2\/types\/product"}],"replies":[{"embeddable":true,"href":"https:\/\/www.maiapizza.ro\/apacab\/wp-json\/wp\/v2\/comments?post=8340"}],"wp:featuredmedia":[{"embeddable":true,"href":"https:\/\/www.maiapizza.ro\/apacab\/wp-json\/wp\/v2\/media\/4099"}],"wp:attachment":[{"href":"https:\/\/www.maiapizza.ro\/apacab\/wp-json\/wp\/v2\/media?parent=8340"}],"wp:term":[{"taxonomy":"product_cat","embeddable":true,"href":"https:\/\/www.maiapizza.ro\/apacab\/wp-json\/wp\/v2\/product_cat?post=8340"},{"taxonomy":"product_tag","embeddable":true,"href":"https:\/\/www.maiapizza.ro\/apacab\/wp-json\/wp\/v2\/product_tag?post=8340"}],"curies":[{"name":"wp","href":"https:\/\/api.w.org\/{rel}","templated":true}]}}